{"id":162,"date":"2013-05-15T22:45:39","date_gmt":"2013-05-16T01:45:39","guid":{"rendered":"https:\/\/lageevo.crp.ufv.br\/?page_id=162"},"modified":"2025-10-22T15:23:44","modified_gmt":"2025-10-22T18:23:44","slug":"colaboradores","status":"publish","type":"page","link":"https:\/\/lageevo.crp.ufv.br\/?page_id=162","title":{"rendered":"Colaboradores"},"content":{"rendered":"<p>O Laborat\u00f3rio de Gen\u00e9tica Ecol\u00f3gica e Evolutiva conta com diversos colaboradores em suas atividades de pesquisa:<\/p>\n<p>Prof. Ph.D. John (Pat) Heslop-Harrison &#8211; Universidade de Leicester;<\/p>\n<p>Ph.D. Trude Schwarzacher &#8211; Universidade de Leicester;<\/p>\n<p>Prof. Dra. Caroline Garcia &#8211; UESB\/Jequi\u00e9;<\/p>\n<p>Ph.D. Karina O. Brand\u00e3o &#8211;<\/p>\n<p>Prof. Ph.D. Jorge Dergam &#8211; UFV\/Vi\u00e7osa;<\/p>\n<p>Prof. Dr. J\u00falio Pieczarcka &#8211; UFPA;<\/p>\n<p>Prof. Dr. Fabiano Bezerra Menegidio &#8211; Universidade de Mogi das Cruzes;<\/p>\n","protected":false},"excerpt":{"rendered":"<p>O Laborat\u00f3rio de Gen\u00e9tica Ecol\u00f3gica e Evolutiva conta com diversos colaboradores em suas atividades de pesquisa: Prof. Ph.D. John (Pat) Heslop-Harrison &#8211; Universidade de Leicester; Ph.D. Trude Schwarzacher &#8211; Universidade de Leicester; Prof. Dra. Caroline Garcia &#8211; UESB\/Jequi\u00e9; Ph.D. Karina O. Brand\u00e3o &#8211; Prof. Ph.D. Jorge Dergam &#8211; UFV\/Vi\u00e7osa; Prof. Dr. J\u00falio Pieczarcka &#8211; UFPA; [&hellip;]<\/p>\n","protected":false},"author":1,"featured_media":0,"parent":0,"menu_order":7,"comment_status":"closed","ping_status":"closed","template":"","meta":{"footnotes":""},"class_list":["post-162","page","type-page","status-publish","hentry"],"_links":{"self":[{"href":"https:\/\/lageevo.crp.ufv.br\/index.php?rest_route=\/wp\/v2\/pages\/162","targetHints":{"allow":["GET"]}}],"collection":[{"href":"https:\/\/lageevo.crp.ufv.br\/index.php?rest_route=\/wp\/v2\/pages"}],"about":[{"href":"https:\/\/lageevo.crp.ufv.br\/index.php?rest_route=\/wp\/v2\/types\/page"}],"author":[{"embeddable":true,"href":"https:\/\/lageevo.crp.ufv.br\/index.php?rest_route=\/wp\/v2\/users\/1"}],"replies":[{"embeddable":true,"href":"https:\/\/lageevo.crp.ufv.br\/index.php?rest_route=%2Fwp%2Fv2%2Fcomments&post=162"}],"version-history":[{"count":21,"href":"https:\/\/lageevo.crp.ufv.br\/index.php?rest_route=\/wp\/v2\/pages\/162\/revisions"}],"predecessor-version":[{"id":599,"href":"https:\/\/lageevo.crp.ufv.br\/index.php?rest_route=\/wp\/v2\/pages\/162\/revisions\/599"}],"wp:attachment":[{"href":"https:\/\/lageevo.crp.ufv.br\/index.php?rest_route=%2Fwp%2Fv2%2Fmedia&parent=162"}],"curies":[{"name":"wp","href":"https:\/\/api.w.org\/{rel}","templated":true}]}}