{"id":397,"date":"2017-03-23T21:50:23","date_gmt":"2017-03-24T00:50:23","guid":{"rendered":"https:\/\/lageevo.crp.ufv.br\/?page_id=397"},"modified":"2025-10-22T15:20:32","modified_gmt":"2025-10-22T18:20:32","slug":"egressos","status":"publish","type":"page","link":"https:\/\/lageevo.crp.ufv.br\/?page_id=397","title":{"rendered":"Egressos"},"content":{"rendered":"<p>Muita gente j\u00e1 passou pelo LaGEEvo nestes anos todos. Aqui alguns ex-bolsistas de Inicia\u00e7\u00e3o Cient\u00edfica ou IC J\u00fanior, ex-orientados de TCC, e mestrado.<\/p>\n<h4><strong><em>Doutorado<\/em><\/strong><\/h4>\n<p><a href=\"http:\/\/lattes.cnpq.br\/5180371931037695\" target=\"_blank\" rel=\"noopener noreferrer\">DSc. Pierre Rafael Penteado<\/a> &#8211; Ecologia (UFV).<\/p>\n<p style=\"text-align: left;\"><a href=\"http:\/\/lattes.cnpq.br\/1812131541700853\" target=\"_blank\" rel=\"noopener noreferrer\">DSc. Dina\u00edza Abadia Rocha Reis<\/a> &#8211; Ecologia (UFV).<\/p>\n<p>Snaydia Viegas Resende &#8211; Zoologia (UFMG).<\/p>\n<h4><\/h4>\n<h4><em><strong>Mestrado<\/strong><\/em><\/h4>\n<p><a href=\"http:\/\/lattes.cnpq.br\/8743415674718184\">Patr\u00edcia Giongo<\/a> &#8211; Biologia Animal (UFV)<\/p>\n<p><a href=\"http:\/\/lattes.cnpq.br\/4361557655302561\">Marcos Aur\u00e9lio Silva\u00a0<\/a>&#8211; Biologia Animal (UFV)<\/p>\n<p><a href=\"http:\/\/lattes.cnpq.br\/1854255024027285\">Rosana Mesquita Alves<\/a> &#8211;\u00a0 Conserva\u00e7\u00e3o e Manejo de Ecossistemas Naturais e Agr\u00e1rios (UFV).<\/p>\n<p><a href=\"http:\/\/lattes.cnpq.br\/3877932771449625\">Renan Rodrigues Rocha<\/a> &#8211; Conserva\u00e7\u00e3o e Manejo de Ecossistemas Naturais e Agr\u00e1rios (UFV).<\/p>\n<p><a href=\"http:\/\/lattes.cnpq.br\/6753932410245498\" target=\"_blank\" rel=\"noopener noreferrer\">Matheus Lewi Cruz Bonaccorsi de Campos<\/a> &#8211; Zoologia (UFMG).<\/p>\n<h4><\/h4>\n<h4><em><strong>Inicia\u00e7\u00e3o Cient\u00edfica e TCC<\/strong><\/em><\/h4>\n<p>Natalia Verissimo Rodrigues da Silva<\/p>\n<p>Gabriella Katlheen Leles<\/p>\n<p>Francisco de Menezes Cavalcante Sassi<\/p>\n<p>Winston Kleber Rodrigues<\/p>\n<p>Roberta da Silva Castro<\/p>\n<p>Rodrigo Desordi<\/p>\n<p>Let\u00edcia Aparecida Cruvinel<\/p>\n<p>Jessica Naiara Batista de Farias<\/p>\n<p>Paloma de F\u00e1tima Silva<\/p>\n<p>Sabrina Alves da Silva<\/p>\n<p>Jo\u00e3o Paulo de Moraes Silva<\/p>\n<p>Rayra Fernanda Mendes Argento<\/p>\n<p>Cibele de C\u00e1ssia Silva<\/p>\n<p>Ana Laura Lima Mulati<\/p>\n<p>Ane Gabrielle de Oliveira<\/p>\n<p>Laudiane \u00c9rica Leite<\/p>\n<p>Denis Glauber da Silva Reis<\/p>\n<p>Gabriel Lacerda Viana<\/p>\n<h4><\/h4>\n<h4><em><strong>BIC-JR<\/strong><\/em><\/h4>\n<p>Gabriela Tafuri<\/p>\n<p>Aline Oliveira<\/p>\n<p>Elza Castro<\/p>\n<p>Nicole An\u00e1lia Borges Rocha<\/p>\n<p>Isabela Santos de Lima<\/p>\n<p>Igor Henrico Silva Mariano<\/p>\n<p>Renata Castro<\/p>\n","protected":false},"excerpt":{"rendered":"<p>Muita gente j\u00e1 passou pelo LaGEEvo nestes anos todos. Aqui alguns ex-bolsistas de Inicia\u00e7\u00e3o Cient\u00edfica ou IC J\u00fanior, ex-orientados de TCC, e mestrado. Doutorado DSc. Pierre Rafael Penteado &#8211; Ecologia (UFV). DSc. Dina\u00edza Abadia Rocha Reis &#8211; Ecologia (UFV). Snaydia Viegas Resende &#8211; Zoologia (UFMG). Mestrado Patr\u00edcia Giongo &#8211; Biologia Animal (UFV) Marcos Aur\u00e9lio Silva\u00a0&#8211; [&hellip;]<\/p>\n","protected":false},"author":1,"featured_media":0,"parent":0,"menu_order":0,"comment_status":"closed","ping_status":"closed","template":"","meta":{"footnotes":""},"class_list":["post-397","page","type-page","status-publish","hentry"],"_links":{"self":[{"href":"https:\/\/lageevo.crp.ufv.br\/index.php?rest_route=\/wp\/v2\/pages\/397","targetHints":{"allow":["GET"]}}],"collection":[{"href":"https:\/\/lageevo.crp.ufv.br\/index.php?rest_route=\/wp\/v2\/pages"}],"about":[{"href":"https:\/\/lageevo.crp.ufv.br\/index.php?rest_route=\/wp\/v2\/types\/page"}],"author":[{"embeddable":true,"href":"https:\/\/lageevo.crp.ufv.br\/index.php?rest_route=\/wp\/v2\/users\/1"}],"replies":[{"embeddable":true,"href":"https:\/\/lageevo.crp.ufv.br\/index.php?rest_route=%2Fwp%2Fv2%2Fcomments&post=397"}],"version-history":[{"count":39,"href":"https:\/\/lageevo.crp.ufv.br\/index.php?rest_route=\/wp\/v2\/pages\/397\/revisions"}],"predecessor-version":[{"id":595,"href":"https:\/\/lageevo.crp.ufv.br\/index.php?rest_route=\/wp\/v2\/pages\/397\/revisions\/595"}],"wp:attachment":[{"href":"https:\/\/lageevo.crp.ufv.br\/index.php?rest_route=%2Fwp%2Fv2%2Fmedia&parent=397"}],"curies":[{"name":"wp","href":"https:\/\/api.w.org\/{rel}","templated":true}]}}