{"id":407,"date":"2017-03-24T14:37:40","date_gmt":"2017-03-24T17:37:40","guid":{"rendered":"https:\/\/lageevo.crp.ufv.br\/?page_id=407"},"modified":"2025-10-22T15:21:52","modified_gmt":"2025-10-22T18:21:52","slug":"orientadores","status":"publish","type":"page","link":"https:\/\/lageevo.crp.ufv.br\/?page_id=407","title":{"rendered":"Orientadores"},"content":{"rendered":"<p><em><strong>Karine Frehner Kavalco<\/strong><\/em><\/p>\n<p>Bi\u00f3loga, mestre em Gen\u00e9tica e Evolu\u00e7\u00e3o (UFSCar, 2003) e doutora em Biologia\/Gen\u00e9tica (USP, 2008), professora Associada II da Universidade Federal de Vi\u00e7osa, Campus Rio Parana\u00edba onde ingressou em 2010. Orienta mestrado no Programa de P\u00f3s-Gradua\u00e7\u00e3o em Manejo e Conserva\u00e7\u00e3o de Recursos Agr\u00e1rios e Naturais (UFV\/Florestal) e mestrado\/doutorado nos Programas de P\u00f3s-Gradua\u00e7\u00e3o em Ecologia (UFV\/Vi\u00e7osa) e Zoologia (UFMG, Belo horizonte). Atua em projetos de pesquisa e extens\u00e3o. \u00c9 editora e coordenadora do projeto do jornal Folha Biol\u00f3gica.<\/p>\n<p><a href=\"http:\/\/lattes.cnpq.br\/1620231977174004\" target=\"_blank\" rel=\"noopener noreferrer\">Curr\u00edculo Lattes<\/a><\/p>\n<p><a href=\"http:\/\/orcid.org\/0000-0002-4955-2792\">ORCID<\/a><\/p>\n<p><a href=\"https:\/\/www.researchgate.net\/profile\/Karine_Kavalco\" target=\"_blank\" rel=\"noopener noreferrer\">Perfil no Research Gate<\/a><\/p>\n<p><a href=\"https:\/\/scholar.google.com.br\/citations?user=nIAP4ZsAAAAJ&amp;hl=pt-BR\" target=\"_blank\" rel=\"noopener noreferrer\">Perfil no Google Acad\u00eamico<\/a><\/p>\n<p>Contato: kavalco@ufv.br<\/p>\n<p>&nbsp;<\/p>\n<p><em><strong>Rubens Pasa<\/strong><\/em><\/p>\n<p>Bi\u00f3logo, mestre em Biologia Celular (UEM, 2001) e doutor em Gen\u00e9tica e Evolu\u00e7\u00e3o (UFSCar, 2005). Foi docente da Universidade Nove de Julho (S\u00e3o Paulo &#8211; SP). Atualmente \u00e9 professor Associado IV da Universidade Federal de Vi\u00e7osa, Campus Rio Parana\u00edba (ingresso em 2007). Orienta mestrado e doutorado nos Programa de P\u00f3s-Gradua\u00e7\u00e3o em Biologia Animal (UFV\/Vi\u00e7osa) e Zoologia (UFMG, Belo horizonte). Atua em projetos de pesquisa e extens\u00e3o. Coordena o projeto do podcast Rock com Ci\u00eancia e possui <a href=\"http:\/\/www.darwin.bio.br\/dnacetico\" target=\"_blank\" rel=\"noopener noreferrer\">blog pessoal<\/a>.<\/p>\n<p><a href=\"http:\/\/lattes.cnpq.br\/3149857038662781\" target=\"_blank\" rel=\"noopener noreferrer\">Curr\u00edculo Lattes<\/a><\/p>\n<p><a href=\"https:\/\/orcid.org\/0000-0002-3513-4071\">ORCID<\/a><\/p>\n<p><a href=\"https:\/\/www.researchgate.net\/profile\/Rubens_Pazza\" target=\"_blank\" rel=\"noopener noreferrer\">Perfil no Resarch Gate<\/a><\/p>\n<p><a href=\"https:\/\/scholar.google.com.br\/citations?user=w_G1loMAAAAJ&amp;hl=pt-BR\" target=\"_blank\" rel=\"noopener noreferrer\">Perfil no Google Acad\u00eamico<\/a><\/p>\n<p>Contato: rpasa@ufv.br<\/p>\n","protected":false},"excerpt":{"rendered":"<p>Karine Frehner Kavalco Bi\u00f3loga, mestre em Gen\u00e9tica e Evolu\u00e7\u00e3o (UFSCar, 2003) e doutora em Biologia\/Gen\u00e9tica (USP, 2008), professora Associada II da Universidade Federal de Vi\u00e7osa, Campus Rio Parana\u00edba onde ingressou em 2010. Orienta mestrado no Programa de P\u00f3s-Gradua\u00e7\u00e3o em Manejo e Conserva\u00e7\u00e3o de Recursos Agr\u00e1rios e Naturais (UFV\/Florestal) e mestrado\/doutorado nos Programas de P\u00f3s-Gradua\u00e7\u00e3o em [&hellip;]<\/p>\n","protected":false},"author":1,"featured_media":0,"parent":0,"menu_order":0,"comment_status":"closed","ping_status":"closed","template":"","meta":{"footnotes":""},"class_list":["post-407","page","type-page","status-publish","hentry"],"_links":{"self":[{"href":"https:\/\/lageevo.crp.ufv.br\/index.php?rest_route=\/wp\/v2\/pages\/407","targetHints":{"allow":["GET"]}}],"collection":[{"href":"https:\/\/lageevo.crp.ufv.br\/index.php?rest_route=\/wp\/v2\/pages"}],"about":[{"href":"https:\/\/lageevo.crp.ufv.br\/index.php?rest_route=\/wp\/v2\/types\/page"}],"author":[{"embeddable":true,"href":"https:\/\/lageevo.crp.ufv.br\/index.php?rest_route=\/wp\/v2\/users\/1"}],"replies":[{"embeddable":true,"href":"https:\/\/lageevo.crp.ufv.br\/index.php?rest_route=%2Fwp%2Fv2%2Fcomments&post=407"}],"version-history":[{"count":14,"href":"https:\/\/lageevo.crp.ufv.br\/index.php?rest_route=\/wp\/v2\/pages\/407\/revisions"}],"predecessor-version":[{"id":597,"href":"https:\/\/lageevo.crp.ufv.br\/index.php?rest_route=\/wp\/v2\/pages\/407\/revisions\/597"}],"wp:attachment":[{"href":"https:\/\/lageevo.crp.ufv.br\/index.php?rest_route=%2Fwp%2Fv2%2Fmedia&parent=407"}],"curies":[{"name":"wp","href":"https:\/\/api.w.org\/{rel}","templated":true}]}}