{"id":436,"date":"2018-04-05T15:30:20","date_gmt":"2018-04-05T18:30:20","guid":{"rendered":"https:\/\/lageevo.crp.ufv.br\/?page_id=436"},"modified":"2022-01-27T10:27:06","modified_gmt":"2022-01-27T13:27:06","slug":"fomento","status":"publish","type":"page","link":"https:\/\/lageevo.crp.ufv.br\/?page_id=436","title":{"rendered":"Fomento"},"content":{"rendered":"<p>O LaGEEvo agradece o fomento das seguintes institui\u00e7\u00f5es:<\/p>\n<p>FAPEMIG &#8211; Funda\u00e7\u00e3o de Amparo \u00e0 Pesquisa do Estado de Minas Gerais<\/p>\n<p>CNPq &#8211; Conselho Nacional de Pesquisa Cient\u00edfica e Tecnol\u00f3gica<\/p>\n<p>Funda\u00e7\u00e3o O Botic\u00e1rio<\/p>\n<p>Pr\u00f3-Reitoria de Pesquisa e P\u00f3s-Gradua\u00e7\u00e3o &#8211; UFV<\/p>\n<p>Campus Rio Parana\u00edba &#8211; UFV<\/p>\n","protected":false},"excerpt":{"rendered":"<p>O LaGEEvo agradece o fomento das seguintes institui\u00e7\u00f5es: FAPEMIG &#8211; Funda\u00e7\u00e3o de Amparo \u00e0 Pesquisa do Estado de Minas Gerais CNPq &#8211; Conselho Nacional de Pesquisa Cient\u00edfica e Tecnol\u00f3gica Funda\u00e7\u00e3o O Botic\u00e1rio Pr\u00f3-Reitoria de Pesquisa e P\u00f3s-Gradua\u00e7\u00e3o &#8211; UFV Campus Rio Parana\u00edba &#8211; UFV<\/p>\n","protected":false},"author":1,"featured_media":0,"parent":0,"menu_order":0,"comment_status":"closed","ping_status":"closed","template":"","meta":{"footnotes":""},"class_list":["post-436","page","type-page","status-publish","hentry"],"_links":{"self":[{"href":"https:\/\/lageevo.crp.ufv.br\/index.php?rest_route=\/wp\/v2\/pages\/436","targetHints":{"allow":["GET"]}}],"collection":[{"href":"https:\/\/lageevo.crp.ufv.br\/index.php?rest_route=\/wp\/v2\/pages"}],"about":[{"href":"https:\/\/lageevo.crp.ufv.br\/index.php?rest_route=\/wp\/v2\/types\/page"}],"author":[{"embeddable":true,"href":"https:\/\/lageevo.crp.ufv.br\/index.php?rest_route=\/wp\/v2\/users\/1"}],"replies":[{"embeddable":true,"href":"https:\/\/lageevo.crp.ufv.br\/index.php?rest_route=%2Fwp%2Fv2%2Fcomments&post=436"}],"version-history":[{"count":3,"href":"https:\/\/lageevo.crp.ufv.br\/index.php?rest_route=\/wp\/v2\/pages\/436\/revisions"}],"predecessor-version":[{"id":569,"href":"https:\/\/lageevo.crp.ufv.br\/index.php?rest_route=\/wp\/v2\/pages\/436\/revisions\/569"}],"wp:attachment":[{"href":"https:\/\/lageevo.crp.ufv.br\/index.php?rest_route=%2Fwp%2Fv2%2Fmedia&parent=436"}],"curies":[{"name":"wp","href":"https:\/\/api.w.org\/{rel}","templated":true}]}}