{"id":96,"date":"2012-05-04T14:21:33","date_gmt":"2012-05-04T17:21:33","guid":{"rendered":"https:\/\/lageevo.crp.ufv.br\/?page_id=96"},"modified":"2022-01-27T10:40:07","modified_gmt":"2022-01-27T13:40:07","slug":"semeando-ciencia","status":"publish","type":"page","link":"https:\/\/lageevo.crp.ufv.br\/?page_id=96","title":{"rendered":"Extens\u00e3o"},"content":{"rendered":"<p style=\"text-align: center;\"><img loading=\"lazy\" decoding=\"async\" class=\"aligncenter\" title=\"Semeando Ci\u00eancia\" src=\"http:\/\/folhabiologica.bio.br\/wp-content\/uploads\/2011\/05\/semeandociencia_logo.png\" alt=\"\" width=\"325\" height=\"121\" \/><\/p>\n<p>Semeando Ci\u00eancia \u00e9 um programa de extens\u00e3o universit\u00e1ria que faz parte das atividades do Laborat\u00f3rio de Gen\u00e9tica Ecol\u00f3gica e Evolutiva do campus de Rio Parana\u00edba da Universidade Federal de Vi\u00e7osa. Atrav\u00e9s deste programa, diversos projetos est\u00e3o sendo desenvolvidos visando a divulga\u00e7\u00e3o da ci\u00eancia, especialmente da \u00e1rea biol\u00f3gica.<\/p>\n<p>Coordenado pelos professores Rubens Pazza e Karine Frehner Kavalco, o programa Semeando Ci\u00eancia conta com um podcast \u2013 <a href=\"http:\/\/www.rockcomciencia.com.br\">Rock com Ci\u00eancia<\/a>; um jornal impresso e on line com ISSN \u2013 <a href=\"http:\/\/www.folhabiologica.bio.br\">Folha Biol\u00f3gica<\/a>; <a href=\"http:\/\/www.biologianaweb.com.br\">websites<\/a> de biologia em geral e de Evolu\u00e7\u00e3o; p\u00e1ginas e perfis de redes sociais como Twitter e Facebook.<\/p>\n<p>No menu ao lado voc\u00ea pode acessar algumas atividades do programa Semeando Ci\u00eancia \u2013 levando a ci\u00eancia at\u00e9 as pessoas utilizando as mais diversas formas poss\u00edveis.<\/p>\n","protected":false},"excerpt":{"rendered":"<p>Semeando Ci\u00eancia \u00e9 um programa de extens\u00e3o universit\u00e1ria que faz parte das atividades do Laborat\u00f3rio de Gen\u00e9tica Ecol\u00f3gica e Evolutiva do campus de Rio Parana\u00edba da Universidade Federal de Vi\u00e7osa. Atrav\u00e9s deste programa, diversos projetos est\u00e3o sendo desenvolvidos visando a divulga\u00e7\u00e3o da ci\u00eancia, especialmente da \u00e1rea biol\u00f3gica. Coordenado pelos professores Rubens Pazza e Karine Frehner [&hellip;]<\/p>\n","protected":false},"author":1,"featured_media":0,"parent":0,"menu_order":6,"comment_status":"closed","ping_status":"closed","template":"","meta":{"footnotes":""},"class_list":["post-96","page","type-page","status-publish","hentry"],"_links":{"self":[{"href":"https:\/\/lageevo.crp.ufv.br\/index.php?rest_route=\/wp\/v2\/pages\/96","targetHints":{"allow":["GET"]}}],"collection":[{"href":"https:\/\/lageevo.crp.ufv.br\/index.php?rest_route=\/wp\/v2\/pages"}],"about":[{"href":"https:\/\/lageevo.crp.ufv.br\/index.php?rest_route=\/wp\/v2\/types\/page"}],"author":[{"embeddable":true,"href":"https:\/\/lageevo.crp.ufv.br\/index.php?rest_route=\/wp\/v2\/users\/1"}],"replies":[{"embeddable":true,"href":"https:\/\/lageevo.crp.ufv.br\/index.php?rest_route=%2Fwp%2Fv2%2Fcomments&post=96"}],"version-history":[{"count":11,"href":"https:\/\/lageevo.crp.ufv.br\/index.php?rest_route=\/wp\/v2\/pages\/96\/revisions"}],"predecessor-version":[{"id":577,"href":"https:\/\/lageevo.crp.ufv.br\/index.php?rest_route=\/wp\/v2\/pages\/96\/revisions\/577"}],"wp:attachment":[{"href":"https:\/\/lageevo.crp.ufv.br\/index.php?rest_route=%2Fwp%2Fv2%2Fmedia&parent=96"}],"curies":[{"name":"wp","href":"https:\/\/api.w.org\/{rel}","templated":true}]}}